 o(g) = -2*g - 4. Let s be o(-4). Let z(b) = -b**3 + 5*b**2 - 4*b - 5. What is z(s)?
-5
Let o(j) be the second derivative of -4*j + 0*j**3 + 1/40*j**6 - 1/24*j**4 + 3/2*j**2 + 1/60*j**5 + 0. Let d(w) be the first derivative of o(w). What is d(1)?
3
Let y(h) be the second derivative of h**5/20 - h**4/3 + 3*h**2/2 - 8*h. Determine y(3).
-6
Let z(d) be the second derivative of 1/2*d**2 + 3*d + 3/20*d**5 + 0 - 1/6*d**4 + 0*d**3. Determine z(-1).
-4
Let y(d) = 8*d + 1. Let u = 10 - 9. Calculate y(u).
9
Suppose 2*t - 5 = 5. Suppose 0 = u - 4*k + 18, 6*u - 3 = 4*u - t*k. Let h(b) be the second derivative of b**4/12 + 5*b**3/6 - b**2/2 - b. Calculate h(u).
5
Suppose 0 = -y + 5 + 7. Let o be 27/y - 3/12. Let d(z) = -z**3. What is d(o)?
-8
Let b(s) = 122 - 121 - 16*s**2 + 4*s**2. Give b(1).
-11
Suppose -4*c - 2 = -6. Let n = c - -1. Suppose j - 3 = n. Let l(g) = -g**2 + 6*g - 7. What is l(j)?
-2
Let m(c) = -361*c + 1 + 3 + 2 + 360*c. Determine m(0).
6
Let i(j) = 4 + 2*j - 4*j + 3*j. Let o = 5 - 2. Suppose 13 = -2*c - 3*a - o, -a = 4. Calculate i(c).
2
Let p(o) be the first derivative of -o**2/2 - 2*o - 6. Calculate p(-3).
1
Let t(m) = 0*m**3 + 4*m + m + 2*m - 9*m**2 + 7 + m**3. Calculate t(8).
-1
Let a be -3*(-2)/6*2. Suppose 0 = 3*s - a*s - 2. Let u(v) = -3 + 4*v - 3*v - s. What is u(5)?
0
Let v(q) = 5*q**2 + 6*q. Let u(i) = -10*i**2 - 11*i - 1. Let b(f) = 4*u(f) + 7*v(f). Let t(s) = -2*s**2 - s - 2. Let r(p) = -3*b(p) + 7*t(p). Give r(2).
0
Let v be 2/(-8) + 13/4. Let y(n) be the second derivative of n**5/20 - n**4/4 - n**3/3 - n**2 + n. Determine y(v).
-8
Let p(q) = q**2 + q + 6. Let l = -2 - -7. Let k = l - 7. Let y be 0*((-6)/k)/(-6). Give p(y).
6
Let o(d) = d - 2. Suppose 0*u - 2*u + 18 = 0. Let m(z) = 2*z - 4. Let t(r) = u*o(r) - 4*m(r). Determine t(-2).
-4
Let s be (-4)/((1 - 0)/1). Let m be 0/s + 2 + 1. Let x(q) = q**3 - 3*q**2 + 5*q - 2. Calculate x(m).
13
Let q(h) = h**2 + h + 1. Let r(s) = -5*s**2 + s - 9. Let o(v) = 4*q(v) + r(v). Let b be o(5). Let t(u) = u**2 + 6*u + 2. Determine t(b).
-3
Let y(m) = m**2 + 4*m + 3. Suppose 4*f = -k + 2, -4*f + 0 = 4*k + 4. Suppose f = b + 4. What is y(b)?
0
Suppose 0*x + x = 7. Let w(h) = -8*h - 3. Let c(o) = -7*o - 3. Let q(y) = x*c(y) - 6*w(y). Suppose -3*b = -21 + 6. Give q(b).
-8
Let q(r) = -r**3 + 6*r**2 - 5*r - 7. Let h(i) = -2*i + 10. Let z be h(0). Suppose o - z = -o. Give q(o).
-7
Let z = 15 + -13. Suppose -d = -z*d. Let i(l) = -l**2 + 5. Give i(d).
5
Let x(l) be the second derivative of -l**4/12 - l**3/3 - 2*l**2 - 5*l. Determine x(-4).
-12
Let s(i) be the third derivative of 0*i + 0 - 1/24*i**4 - 1/120*i**6 + 2*i**2 + 1/10*i**5 + 5/6*i**3. Give s(6).
-1
Let d(k) = -137*k**2 + 147*k**2 + k**3 + 1 + 9*k - 4. What is d(-9)?
-3
Let q(h) be the second derivative of h**4/4 + 9*h. Determine q(-1).
3
Let h be (1/3)/(2/6). Let i(u) be the second derivative of -u**6/45 - u**3/6 + u. Let y(x) be the second derivative of i(x). What is y(h)?
-8
Let v(c) be the first derivative of -c**2/2 + 11*c + 129. Suppose -10 = -3*f + f. Determine v(f).
6
Let u(s) = 3*s**2 + 51 - 51 - s**3 + s. Suppose q = 3*q - 6. Give u(q).
3
Let v(h) = 6*h**3 - 6*h**2 + 6*h - 3. Let m(z) = z**3 - z**2 + z. Let w(x) = -5*m(x) + v(x). Determine w(0).
-3
Let k = 18 - 17. Let x(w) = -3*w + 5*w - 5*w + 0*w - k. Determine x(3).
-10
Let q(u) = -u - 6 + u**3 + 7 + 2*u + 7*u**2. Calculate q(-7).
-6
Suppose 2*u = 3*u - 5. Let w(h) = h**3 - 6*h**2 + 4*h + 1. Let p be w(u). Let j(g) = -g**3 - 5*g**2 - g - 1. Give j(p).
-13
Let r(j) = -j**2 - 9*j + 3*j + 2*j**2 - 5 + 0*j. Determine r(5).
-10
Let o(z) be the second derivative of z**3/6 - z**2 + 5*z. Let u be (2 + 6)*(-1)/(-2). Let t(v) = v**3 - 5*v**2 + 6*v - 4. Let x be t(u). What is o(x)?
2
Let b(d) be the third derivative of d**5/120 - d**4/8 - 5*d**3/6 + 5*d**2. Let x(h) be the first derivative of b(h). Calculate x(-7).
-10
Let k(y) = -2*y**3 - 7*y**2 + 5*y + 4. Let s(z) = 2*z**3 - 2. Let t(v) = -v**3 + 1. Let j(n) = -s(n) - 3*t(n). Let i(a) = -3*j(a) - k(a). Calculate i(6).
5
Let m(d) be the first derivative of -d**4/4 - 4*d**3/3 - d**2 + 2*d - 6. Let x(j) = 2*j**3 - j**2 - 2*j - 1. Let v be x(-1). Let g = -4 - v. Give m(g).
-2
Let w be (-33)/5 - 10/25. Let v(o) = -o**2 + o + 1. Let i(b) = 5*b**2 + 2*b - 5. Let g(f) = -i(f) - 4*v(f). Calculate g(w).
-6
Let a(w) be the second derivative of -w**5/20 + 7*w**4/12 + 3*w**3/2 + 3*w**2/2 + 17*w. Give a(8).
11
Let o(l) be the third derivative of -l**3 + 0*l + 1/12*l**4 - 2*l**2 + 0. Give o(6).
6
Let c(t) = 2. Let v(q) = -q - 1. Let m(x) = -c(x) - 3*v(x). Let s(k) = k + 2. Let n be s(-6). Give m(n).
-11
Let c be (-1)/3 - (-4)/12. Let p(o) = 0 - o + 1 + 6 + c. Calculate p(5).
2
Let k(d) = -d + 1. Let f(u) = -u + 2. Let p(s) = f(s) - 3*k(s). Calculate p(-4).
-9
Let s(c) = -c**3 - 7*c**2 - c - 5. Let r be s(-7). Let m(u) = 4 - r*u**2 - 2 - 3*u - 4*u - 8. What is m(-4)?
-10
Let s(l) be the second derivative of l**5/5 - l**3/3 + l**2/2 + 2*l. Give s(1).
3
Let g(k) = k**3 - 4*k**2 - 5. Suppose -10*x + 28 = -3*x. Calculate g(x).
-5
Let g(z) be the third derivative of z**6/120 + z**5/12 + z**4/6 + 5*z**3/6 + z**2. Suppose -7 = -k - 3. Let v be (2 - k)/(2/4). Determine g(v).
5
Let h be -2*(2 + (-15)/6). Let g be (0 - h - -2) + -2. Let l(j) = -3*j + 1. Determine l(g).
4
Suppose 0 = -2*g + l - 4*l + 15, 0 = -2*l + 6. Let k(r) = r - 2*r - 3*r**2 + 4*r**2 + 1 + 5*r**g. Determine k(1).
6
Suppose 5 + 7 = -2*w. Let a(l) = l**3 + 5*l**2 - 6*l + 5. Let h be a(w). Let p(s) be the first derivative of s**2 - 5*s - 1. Determine p(h).
5
Let r(x) = -x + 1. Let c be r(-2). Let q be -2*1*c/2. Let k(w) = -w**2 + w + 7. Let z(m) = -3*m**2 + 2*m + 20. Let d(y) = 8*k(y) - 3*z(y). Calculate d(q).
-1
Suppose 4*h = -4*s + 10 + 14, s = 0. Let w(v) = 0*v**2 + h*v + v**3 - 2*v**2 - 4*v**2. Give w(4).
-8
Suppose -34*h + 29*h = -20. Let s(k) be the first derivative of 1/3*k**3 + 3*k**2 - 2 + h*k. Give s(-5).
-1
Let d be 2*(3 + 1 + -3). Suppose -d*o = -3*o. Let u(w) = -w. Let s(h) = 6*h + 8. Let k(t) = -s(t) - 5*u(t). What is k(o)?
-8
Let a(r) = 5*r**3 - 8*r + 2 + 0*r - 4*r**3 + 6*r**2. Calculate a(-7).
9
Let l(y) = y**3 - 13*y**2 + 12*y + 7. Suppose -22*b + 290 - 26 = 0. Give l(b).
7
Let n = -6 - -8. Let m(p) be the third derivative of 1/3*p**3 + 0*p**4 + 0*p - p**n + 0 + 1/15*p**5 - 1/120*p**6. Determine m(4).
2
Let w(j) = 9*j**3 + 2*j**2 - j - 7. Let f(s) = -4*s**3 - s**2 + s + 3. Let q(g) = 7*f(g) + 3*w(g). Let t(n) = n - 7. Let k be t(4). Determine q(k).
6
Suppose -4*v = 3*r + 2*r - 53, -2*v + 25 = r. Suppose -2*a - 2*a - v = 0. Let n(w) = w**2 + 3*w + 4. Give n(a).
4
Let y(m) be the first derivative of -3*m**3 + 3*m**2/2 - 3. Let r(d) = 3*d**2 - d. Let o(b) = 11*r(b) + 4*y(b). Suppose 3*a + 0 = 3. What is o(a)?
-2
Let p(q) = -20*q**2 + 9*q + 14. Let x(g) = -5*g**2 + 2*g + 3. Let j(r) = -2*p(r) + 9*x(r). Calculate j(2).
-21
Let y(u) = -u + 4. Let d be y(6). Let n(i) = i**3 + i**2 - 2*i - 3. Give n(d).
-3
Suppose -2*m + 4 = u, -3*u - 9 - 6 = -3*m. Suppose -p + m*p = y + 10, -5*y - 15 = -3*p. Let v(f) = -f - 2. Give v(y).
-2
Let p be 0 + (24 + -2)/2. Let d(g) = -g. Let i = -19 - -21. Let k(f) = 5*f. Let y(h) = i*k(h) + p*d(h). Give y(2).
-2
Let w(r) = 3*r. Let h(b) = b**2 - 6*b. Let c(x) = -2*x + 1. Let u be c(-1). Let i(l) = u*h(l) + 5*w(l). Calculate i(2).
6
Let f = 100 - 97. Let p(m) = m + 1. What is p(f)?
4
Let u(j) be the second derivative of -j**5/20 - j**4/2 - j**3/3 + 2*j**2 + 9*j. Calculate u(-6).
16
Let x(k) = 3*k**3 + 2*k**2 - 1. Let u(o) = o**3 - 6*o**2 - 1. Let i be u(6). Give x(i).
-2
Let u = -14 - -20. Let l = u - 1. Let i(b) = b**2 - 2*b - 3. What is i(l)?
12
Suppose -3*m = -5 - 1. Let l(f) = f - 1 + 2 + 4*f**2 - 2*f**2 - m*f**3. Let d = -15 - -17. Give l(d).
-5
Let i = -4 - -6. Let j(s) = i + 2*s**3 - 3 - 2*s + 0*s - s**3. Calculate j(-1).
0
Let j(c) = 3*c**2 + 5. Let w(t) = -t**2 - 1. Let d(q) = j(q) + 4*w(q). Let k(v) be the first derivative of d(v). Let y be 1/2*(-3 + 5). Calculate k(y).
-2
Let w(k) = -3*k - 1. Let r(z) = 4*z + 1. Let b(u) = -3*r(u) - 2*w(u). Give b(-2).
11
Let u(j) = -j**2 + 9*j + 4. Suppose -2*p - p + 30 = 0. Give u(p).
-6
Let g(z) be the first derivative of -z**6/360 + 3*z**5/40 - z**4/8 - 5*z**3/3 + 5. Let y(p) be the third derivative of g(p